{"id":195,"date":"2025-03-05T18:40:49","date_gmt":"2025-03-05T16:40:49","guid":{"rendered":"https:\/\/www.xn--andrasjnhamn-bjb.fi\/?page_id=195"},"modified":"2025-12-07T17:27:16","modified_gmt":"2025-12-07T15:27:16","slug":"stadgar","status":"publish","type":"page","link":"https:\/\/www.andrasjonhamn.fi\/index.php\/stadgar\/","title":{"rendered":"Stadgar"},"content":{"rendered":"\n\n  <div class=\"banner has-hover has-parallax\" id=\"banner-89022975\">\n          <div class=\"banner-inner fill\">\n        <div class=\"banner-bg fill\" data-parallax=\"-4\" data-parallax-container=\".banner\" data-parallax-background>\n            <img loading=\"lazy\" decoding=\"async\" width=\"960\" height=\"528\" src=\"https:\/\/www.andrasjonhamn.fi\/wp-content\/uploads\/2025\/03\/aa71f7b0-004e-46dc-93cb-09856b0eb9c4.jpeg\" class=\"bg attachment-original size-original\" alt=\"\" \/>                        <div class=\"overlay\"><\/div>            \n                    <\/div>\n\t\t\n        <div class=\"banner-layers container\">\n            <a class=\"fill\" href=\"https:\/\/www.andrasjonhamn.fi\/index.php\/stadgar\/\"><div class=\"fill banner-link\"><\/div><\/a>            \n\n   <div id=\"text-box-1919263631\" class=\"text-box banner-layer x50 md-x50 lg-x50 y50 md-y50 lg-y50 res-text\">\n              <div data-parallax=\"-3\" data-parallax-fade=\"true\">       <div data-animate=\"fadeInUp\">           <div class=\"text-box-content text dark text-shadow-1\">\n              \n              <div class=\"text-inner text-center\">\n                  \n\n<p><strong><span style=\"font-size: 200%;\">Stadgar<\/span><\/strong><\/p>\n\n              <\/div>\n           <\/div>\n       <\/div>       <\/div>              \n<style>\n#text-box-1919263631 {\n  width: 100%;\n}\n#text-box-1919263631 .text-box-content {\n  font-size: 131%;\n}\n@media (min-width:550px) {\n  #text-box-1919263631 {\n    width: 59%;\n  }\n  #text-box-1919263631 .text-box-content {\n    font-size: 100%;\n  }\n}\n<\/style>\n    <\/div>\n \n\n        <\/div>\n      <\/div>\n\n            \n<style>\n#banner-89022975 {\n  padding-top: 312px;\n}\n#banner-89022975 .overlay {\n  background-color: rgba(0, 0, 0, 0.27);\n}\n#banner-89022975 .banner-bg img {\n  object-position: 37% 52%;\n}\n@media (min-width:550px) {\n  #banner-89022975 {\n    padding-top: 53%;\n  }\n}\n<\/style>\n  <\/div>\n\n\n\t<div id=\"gap-566651490\" class=\"gap-element clearfix\" style=\"display:block; height:auto;\">\n\t\t\n<style>\n#gap-566651490 {\n  padding-top: 69px;\n}\n<\/style>\n\t<\/div>\n\t\n\n<p style=\"text-align: center;\"><span style=\"font-size: 120%; color: #000000;\"><strong>Stadgar <\/strong><strong>f\u00f6r <\/strong><strong>B\u00e5thamnsf\u00f6reningen i Nykarleby r.f.<\/strong><\/span><\/p>\n<p style=\"text-align: center;\"><strong>\u00a71. F\u00f6reningens namn<\/strong><\/p>\n<p style=\"text-align: center;\">F\u00f6reningens namn \u00e4r B\u00e5thamnsf\u00f6reningen i Nykarleby r.f.<\/p>\n<p style=\"text-align: center;\"><strong>\u00a72. Hemort<\/strong><\/p>\n<p style=\"text-align: center;\">F\u00f6reningens hemort \u00e4r Nykarleby stad.<\/p>\n<p style=\"text-align: center;\"><strong>\u00a73. Syfte och verksamhetsformer<\/strong><\/p>\n<p style=\"text-align: center;\">F\u00f6reningens syfte \u00e4r att befr\u00e4mja aktivt b\u00e5tliv och medlemmarnas olika b\u00e5thobbyn samt underl\u00e4tta b\u00e5ttrafiken till fritidsfastigheterna i sk\u00e4rg\u00e5rden. F\u00f6reningen fullf\u00f6ljer sitt syfte genom att administrera b\u00e5thamnen vid Andrasj\u00f6n i Nykarleby. F\u00f6reningen hyr ut b\u00e5tplatser till sina medlemmar, handhar, underh\u00e5ller och utvecklar hamnens verksamhet. F\u00f6reningen arrangerar m\u00f6ten och informationstillf\u00e4llen om aktuella fr\u00e5gor f\u00f6r medlemmarna. F\u00f6reningen kan ta emot underst\u00f6d och donationer samt \u00e4ga f\u00f6r verksamheten fast och l\u00f6s egendom.<br \/><strong>\u00a74. F\u00f6reningens spr\u00e5k<\/strong><br \/>F\u00f6reningens officiella spr\u00e5k \u00e4r svenska.<\/p>\n<p style=\"text-align: center;\"><strong>\u00a75. Medlemmarna<\/strong><br \/>F\u00f6reningens medlemmar godk\u00e4nns av styrelsen mot ans\u00f6kning.<br \/><strong>\u00a76. Uttr\u00e4de ur f\u00f6reningen<\/strong><br \/>En medlem har r\u00e4tt att uttr\u00e4da ur f\u00f6reningen om denne meddelar om detta skriftligen till styrelsen. Om en medlem vill avyttra sin b\u00e5tplats b\u00f6r hen meddela detta skriftligen till styrelsen, f\u00f6reningens ordf\u00f6rande eller genom att vid f\u00f6reningens m\u00f6te anm\u00e4la om detta genom anteckning i protokollet. Medlem som inte betalar fakturerade avgifter trots p\u00e5minnelse uteslutes ur f\u00f6reningen och mister dessutom r\u00e4tten till b\u00e5tplatsen\/ b\u00e5tplatserna som medlemmen innehar.<br \/><strong>\u00a77. Avgifter f\u00f6r medlemmarna<\/strong><br \/>F\u00f6r att t\u00e4cka f\u00f6reningens underh\u00e5lls- och utvecklingskostnader f\u00f6r anl\u00e4ggningarna uppb\u00e4rs av medlemmarna \u00e5rsavgifter som \u00e5rligen ber\u00e4knas och regleras av \u00e5rsm\u00f6tet. Medlemsavgifterna samt eventuellt andra avgifter faktureras senast i maj m\u00e5nad och skall betalas inom 30 dagar.<br \/><strong>\u00a78. Styrelse<\/strong><br \/>F\u00f6reningens angel\u00e4genheter sk\u00f6ts av en styrelse best\u00e5ende av sex (6) medlemmar. Styrelsens ordf\u00f6rande och sekreterare samt fyra styrelsemedlemmar v\u00e4ljs av \u00e5rsm\u00f6tet. Tv\u00e5 (2) suppleanter v\u00e4ljes \u00e5rligen f\u00f6r att ers\u00e4tta fr\u00e5nvarande styrelsemedlem. Styrelsens mandattid \u00e4r 3\u00e5r. Styrelsen som v\u00e4ljes p\u00e5 f\u00f6rsta \u00e5rsm\u00f6tet sitter i tre \u00e5r varefter tv\u00e5 (2) styrelsemedlemmar \u00e4r i tur att avg\u00e5 varje \u00e5r (initialt best\u00e4mmes avg\u00e5ngsturen genom lottning). Styrelsen sammankallas av ordf\u00f6rande eller om tv\u00e5 \u00f6vriga styrelsemedlemmar s\u00e5 \u00f6nskar.<br \/>Styrelsen \u00e4r beslutf\u00f6rd d\u00e5 minst fem (5) styrelsemedlemmar \u00e4r n\u00e4rvarande.<\/p>\n<p style=\"text-align: center;\"><strong>\u00a79. Verksamhetsgranskning<\/strong><br \/>F\u00f6reningens verksamhet och r\u00e4kenskaper granskas av tv\u00e5 (2) verksamhetsgranskare valda p\u00e5 \u00e5rsm\u00f6tet. Verksamhetsgranskarnas kompetenskrav fastst\u00e4lles av revisionslagen. Verksamhetsgranskarna skall ge sitt utl\u00e5tande skriftligen senast tv\u00e5 (2) dagar f\u00f6re \u00e5rsm\u00f6tet.<br \/><strong>\u00a710. F\u00f6reningens r\u00e4kenskapsperiod<\/strong><br \/>F\u00f6reningens r\u00e4kenskapsperiod f\u00f6ljer kalender\u00e5ret.<\/p>\n<p style=\"text-align: center;\"><strong>\u00a711. F\u00f6reningens namnteckning<\/strong><br \/>F\u00f6reningens namn tecknas av styrelsens ordf\u00f6rande eller sekreterare var f\u00f6r sig eller av tv\u00e5 (2) styrelsemedlemmar tillsammans.<\/p>\n<p style=\"text-align: center;\"><strong>\u00a712. \u00c5rsm\u00f6ten och \u00f6vriga m\u00f6ten<\/strong><br \/>\u00c5rs- och \u00f6vriga m\u00f6ten sammankallas med kallelse p\u00e5 f\u00f6reningens anslagstavla alternativt med e-post eller brev p\u00e5 svenska minst sju (7) dagar f\u00f6re m\u00f6tet. \u00c5rsm\u00f6tet skall h\u00e5llas senast i maj m\u00e5nad och \u00e4r beslutf\u00f6rt med minst tio (10) medlemmar n\u00e4rvarande.<br \/>Extra m\u00f6ten kan h\u00e5llas om en tiondedel (1\/10) av de r\u00f6stber\u00e4ttigade medlemmarna skriftligen med uppgivet \u00e4rende s\u00e5 fordrar. Fordran skall riktas till styrelsen och kan f\u00f6rverkligas tidigast tv\u00e5 (2) m\u00e5nader efter senaste m\u00f6tet. Extra m\u00f6te kan \u00e4ven h\u00e5llas om styrelsen enh\u00e4lligt besluter om detta.<br \/>Vid omr\u00f6stning g\u00e4ller en (1) r\u00f6st per medlem medels handuppr\u00e4ckning, om r\u00f6sterna f\u00f6rdelas j\u00e4mnt avg\u00f6r ordf\u00f6randens r\u00f6st.<\/p>\n<p style=\"text-align: center;\"><strong>\u00a713. \u00c5rsm\u00f6tet<\/strong><br \/>Vid f\u00f6reningens \u00e5rsm\u00f6te behandlas f\u00f6ljande \u00e4renden:<br \/>1. m\u00f6tets \u00f6ppnande<br \/>2. val av m\u00f6tesordf\u00f6rande, sekreterare och 2 protokolljusterare<br \/>3. m\u00f6tets laglighet och beslutsf\u00f6rhet konstateras<br \/>4. bokslut, verksamhetsber\u00e4ttelse och verksamhetsgranskarnas utl\u00e5tande presenteras<br \/>5. fastst\u00e4llande av bokslut<br \/>6. Beviljande av ansvarsfrihet f\u00f6r styrelsen och andra ansvarsskyldiga<br \/>7. Presentation av verksamhetsplan och budget<br \/>8. Beslut om medlemsavgifterna och andra avgifter<br \/>9. Val av styrelseordf\u00f6rande, sekreterare och medlemmar i st\u00e4llet f\u00f6r de som \u00e4r i tur att avg\u00e5 samt tv\u00e5 styrelsesuppleanter.<br \/>10. Val av tv\u00e5 verksamhetsgranskare och en suppleant<br \/>11. \u00d6vriga av styrelsen eller medlemmarna framlagda \u00e4renden<br \/>12. M\u00f6tets avslutande<br \/><strong>\u00a714. \u00c4ndring av stadgarna<\/strong><br \/>\u00c4ndringar av stadgarna kan g\u00f6ras endast p\u00e5 \u00e5rsm\u00f6tet ifall d\u00e4rom omn\u00e4mnts i m\u00f6teskallelsen och minst tre fj\u00e4rdedelar (3\u20444) av n\u00e4rvarande medlemmar underst\u00f6der \u00e4ndringen.<\/p>\n<p style=\"text-align: center;\"><strong>\u00a715. Uppl\u00f6sning av f\u00f6reningen<\/strong><br \/>Beslut om f\u00f6reningens uppl\u00f6sning g\u00f6res p\u00e5 2 efter varandra f\u00f6ljande m\u00f6ten med minst 1 m\u00e5nads mellanrum och minst 4\/5 delar av n\u00e4rvarande medlemmar r\u00f6star f\u00f6r uppl\u00f6sning. Om f\u00f6reningen uppl\u00f6ses \u00f6verg\u00e5r tillg\u00e5ngarna till Nykarleby stad.<\/p>\n\t<div id=\"gap-641158030\" class=\"gap-element clearfix\" style=\"display:block; height:auto;\">\n\t\t\n<style>\n#gap-641158030 {\n  padding-top: 69px;\n}\n<\/style>\n\t<\/div>\n\t\n\n\n","protected":false},"excerpt":{"rendered":"","protected":false},"author":1,"featured_media":0,"parent":0,"menu_order":0,"comment_status":"closed","ping_status":"closed","template":"page-blank.php","meta":{"footnotes":""},"class_list":["post-195","page","type-page","status-publish","hentry"],"yoast_head":"<!-- This site is optimized with the Yoast SEO plugin v27.5 - https:\/\/yoast.com\/product\/yoast-seo-wordpress\/ -->\n<title>Stadgar -<\/title>\n<meta name=\"robots\" content=\"index, follow, max-snippet:-1, max-image-preview:large, max-video-preview:-1\" \/>\n<link rel=\"canonical\" href=\"https:\/\/www.andrasjonhamn.fi\/index.php\/stadgar\/\" \/>\n<meta property=\"og:locale\" content=\"sv_SE\" \/>\n<meta property=\"og:type\" content=\"article\" \/>\n<meta property=\"og:title\" content=\"Stadgar -\" \/>\n<meta property=\"og:url\" content=\"https:\/\/www.andrasjonhamn.fi\/index.php\/stadgar\/\" \/>\n<meta property=\"article:modified_time\" content=\"2025-12-07T15:27:16+00:00\" \/>\n<meta name=\"twitter:card\" content=\"summary_large_image\" \/>\n<meta name=\"twitter:label1\" content=\"Ber\u00e4knad l\u00e4stid\" \/>\n\t<meta name=\"twitter:data1\" content=\"4 minuter\" \/>\n<script type=\"application\/ld+json\" class=\"yoast-schema-graph\">{\"@context\":\"https:\\\/\\\/schema.org\",\"@graph\":[{\"@type\":\"WebPage\",\"@id\":\"https:\\\/\\\/www.andrasjonhamn.fi\\\/index.php\\\/stadgar\\\/\",\"url\":\"https:\\\/\\\/www.andrasjonhamn.fi\\\/index.php\\\/stadgar\\\/\",\"name\":\"Stadgar -\",\"isPartOf\":{\"@id\":\"https:\\\/\\\/www.andrasjonhamn.fi\\\/#website\"},\"datePublished\":\"2025-03-05T16:40:49+00:00\",\"dateModified\":\"2025-12-07T15:27:16+00:00\",\"breadcrumb\":{\"@id\":\"https:\\\/\\\/www.andrasjonhamn.fi\\\/index.php\\\/stadgar\\\/#breadcrumb\"},\"inLanguage\":\"sv-SE\",\"potentialAction\":[{\"@type\":\"ReadAction\",\"target\":[\"https:\\\/\\\/www.andrasjonhamn.fi\\\/index.php\\\/stadgar\\\/\"]}]},{\"@type\":\"BreadcrumbList\",\"@id\":\"https:\\\/\\\/www.andrasjonhamn.fi\\\/index.php\\\/stadgar\\\/#breadcrumb\",\"itemListElement\":[{\"@type\":\"ListItem\",\"position\":1,\"name\":\"Hem\",\"item\":\"https:\\\/\\\/www.andrasjonhamn.fi\\\/\"},{\"@type\":\"ListItem\",\"position\":2,\"name\":\"Stadgar\"}]},{\"@type\":\"WebSite\",\"@id\":\"https:\\\/\\\/www.andrasjonhamn.fi\\\/#website\",\"url\":\"https:\\\/\\\/www.andrasjonhamn.fi\\\/\",\"name\":\"Andrasj\u00f6nhamn\",\"description\":\"B&aring;thamnsf&ouml;reningen i Nykarleby\",\"publisher\":{\"@id\":\"https:\\\/\\\/www.andrasjonhamn.fi\\\/#organization\"},\"potentialAction\":[{\"@type\":\"SearchAction\",\"target\":{\"@type\":\"EntryPoint\",\"urlTemplate\":\"https:\\\/\\\/www.andrasjonhamn.fi\\\/?s={search_term_string}\"},\"query-input\":{\"@type\":\"PropertyValueSpecification\",\"valueRequired\":true,\"valueName\":\"search_term_string\"}}],\"inLanguage\":\"sv-SE\"},{\"@type\":\"Organization\",\"@id\":\"https:\\\/\\\/www.andrasjonhamn.fi\\\/#organization\",\"name\":\"B\u00e5thamnsf\u00f6reningen i Nykarleby Rf\",\"url\":\"https:\\\/\\\/www.andrasjonhamn.fi\\\/\",\"logo\":{\"@type\":\"ImageObject\",\"inLanguage\":\"sv-SE\",\"@id\":\"https:\\\/\\\/www.andrasjonhamn.fi\\\/#\\\/schema\\\/logo\\\/image\\\/\",\"url\":\"https:\\\/\\\/www.andrasjonhamn.fi\\\/wp-content\\\/uploads\\\/2025\\\/03\\\/Andrasjonbla1.png\",\"contentUrl\":\"https:\\\/\\\/www.andrasjonhamn.fi\\\/wp-content\\\/uploads\\\/2025\\\/03\\\/Andrasjonbla1.png\",\"width\":1419,\"height\":1279,\"caption\":\"B\u00e5thamnsf\u00f6reningen i Nykarleby Rf\"},\"image\":{\"@id\":\"https:\\\/\\\/www.andrasjonhamn.fi\\\/#\\\/schema\\\/logo\\\/image\\\/\"}}]}<\/script>\n<!-- \/ Yoast SEO plugin. -->","yoast_head_json":{"title":"Stadgar -","robots":{"index":"index","follow":"follow","max-snippet":"max-snippet:-1","max-image-preview":"max-image-preview:large","max-video-preview":"max-video-preview:-1"},"canonical":"https:\/\/www.andrasjonhamn.fi\/index.php\/stadgar\/","og_locale":"sv_SE","og_type":"article","og_title":"Stadgar -","og_url":"https:\/\/www.andrasjonhamn.fi\/index.php\/stadgar\/","article_modified_time":"2025-12-07T15:27:16+00:00","twitter_card":"summary_large_image","twitter_misc":{"Ber\u00e4knad l\u00e4stid":"4 minuter"},"schema":{"@context":"https:\/\/schema.org","@graph":[{"@type":"WebPage","@id":"https:\/\/www.andrasjonhamn.fi\/index.php\/stadgar\/","url":"https:\/\/www.andrasjonhamn.fi\/index.php\/stadgar\/","name":"Stadgar -","isPartOf":{"@id":"https:\/\/www.andrasjonhamn.fi\/#website"},"datePublished":"2025-03-05T16:40:49+00:00","dateModified":"2025-12-07T15:27:16+00:00","breadcrumb":{"@id":"https:\/\/www.andrasjonhamn.fi\/index.php\/stadgar\/#breadcrumb"},"inLanguage":"sv-SE","potentialAction":[{"@type":"ReadAction","target":["https:\/\/www.andrasjonhamn.fi\/index.php\/stadgar\/"]}]},{"@type":"BreadcrumbList","@id":"https:\/\/www.andrasjonhamn.fi\/index.php\/stadgar\/#breadcrumb","itemListElement":[{"@type":"ListItem","position":1,"name":"Hem","item":"https:\/\/www.andrasjonhamn.fi\/"},{"@type":"ListItem","position":2,"name":"Stadgar"}]},{"@type":"WebSite","@id":"https:\/\/www.andrasjonhamn.fi\/#website","url":"https:\/\/www.andrasjonhamn.fi\/","name":"Andrasj\u00f6nhamn","description":"B&aring;thamnsf&ouml;reningen i Nykarleby","publisher":{"@id":"https:\/\/www.andrasjonhamn.fi\/#organization"},"potentialAction":[{"@type":"SearchAction","target":{"@type":"EntryPoint","urlTemplate":"https:\/\/www.andrasjonhamn.fi\/?s={search_term_string}"},"query-input":{"@type":"PropertyValueSpecification","valueRequired":true,"valueName":"search_term_string"}}],"inLanguage":"sv-SE"},{"@type":"Organization","@id":"https:\/\/www.andrasjonhamn.fi\/#organization","name":"B\u00e5thamnsf\u00f6reningen i Nykarleby Rf","url":"https:\/\/www.andrasjonhamn.fi\/","logo":{"@type":"ImageObject","inLanguage":"sv-SE","@id":"https:\/\/www.andrasjonhamn.fi\/#\/schema\/logo\/image\/","url":"https:\/\/www.andrasjonhamn.fi\/wp-content\/uploads\/2025\/03\/Andrasjonbla1.png","contentUrl":"https:\/\/www.andrasjonhamn.fi\/wp-content\/uploads\/2025\/03\/Andrasjonbla1.png","width":1419,"height":1279,"caption":"B\u00e5thamnsf\u00f6reningen i Nykarleby Rf"},"image":{"@id":"https:\/\/www.andrasjonhamn.fi\/#\/schema\/logo\/image\/"}}]}},"_links":{"self":[{"href":"https:\/\/www.andrasjonhamn.fi\/index.php\/wp-json\/wp\/v2\/pages\/195","targetHints":{"allow":["GET"]}}],"collection":[{"href":"https:\/\/www.andrasjonhamn.fi\/index.php\/wp-json\/wp\/v2\/pages"}],"about":[{"href":"https:\/\/www.andrasjonhamn.fi\/index.php\/wp-json\/wp\/v2\/types\/page"}],"author":[{"embeddable":true,"href":"https:\/\/www.andrasjonhamn.fi\/index.php\/wp-json\/wp\/v2\/users\/1"}],"replies":[{"embeddable":true,"href":"https:\/\/www.andrasjonhamn.fi\/index.php\/wp-json\/wp\/v2\/comments?post=195"}],"version-history":[{"count":7,"href":"https:\/\/www.andrasjonhamn.fi\/index.php\/wp-json\/wp\/v2\/pages\/195\/revisions"}],"predecessor-version":[{"id":352,"href":"https:\/\/www.andrasjonhamn.fi\/index.php\/wp-json\/wp\/v2\/pages\/195\/revisions\/352"}],"wp:attachment":[{"href":"https:\/\/www.andrasjonhamn.fi\/index.php\/wp-json\/wp\/v2\/media?parent=195"}],"curies":[{"name":"wp","href":"https:\/\/api.w.org\/{rel}","templated":true}]}}