{"id":61,"date":"2025-03-03T20:43:09","date_gmt":"2025-03-03T18:43:09","guid":{"rendered":"https:\/\/www.xn--andrasjnhamn-bjb.fi\/?page_id=61"},"modified":"2025-12-31T09:44:47","modified_gmt":"2025-12-31T07:44:47","slug":"raddningsplan","status":"publish","type":"page","link":"https:\/\/www.andrasjonhamn.fi\/index.php\/raddningsplan\/","title":{"rendered":"R\u00e4ddningsplan"},"content":{"rendered":"\n<div style=\"text-align: center;\"><strong><span style=\"font-size: 130%;\">Andra Sj\u00f6n sm\u00e5b\u00e5tshamn<\/span><\/strong><\/div>\n<div style=\"text-align: center;\"><strong><span style=\"font-size: 130%;\">S\u00c4KERHETS- OCH R\u00c4DDNINGSANVISNINGAR\u00a0<\/span><\/strong><\/div>\n<div style=\"text-align: center;\"><strong><span style=\"font-size: 130%;\">S\u00e4kerhetsplan \u2013 R\u00e4ddningsplan<\/span><\/strong><\/div>\n<div>\n<div style=\"text-align: center;\"><strong><span style=\"font-size: 110%;\">Uppgifter om hamnen<\/span><\/strong><\/div>\n<div style=\"text-align: center;\">Allm\u00e4nna anvisningar f\u00f6r b\u00e5thamnen<\/div>\n<div style=\"text-align: center;\">Ordningsregler f\u00f6r hamnen<\/div>\n<div style=\"text-align: center;\">\u00a0<\/div>\n<div style=\"text-align: center;\"><strong>S\u00e4kerhets- och r\u00e4ddningsplan<\/strong><\/div>\n<div style=\"text-align: center;\">V\u00e4gledning i situationer som kr\u00e4ver f\u00f6rsta hj\u00e4lp.<\/div>\n<div style=\"text-align: center;\">R\u00e5d och anvisningar vid sjukdomsfall<\/div>\n<div style=\"text-align: center;\">Karta \u00f6ver platser f\u00f6r R\u00e4ddningsstationer.<\/div>\n<div style=\"text-align: center;\">Karta \u00f6ver utrymningsv\u00e4garna<\/div>\n<div style=\"text-align: center;\">R\u00e4ddningsutrustning vid r\u00e4ddningsstationerna:<\/div>\n<div style=\"text-align: center;\">Stege, barndsl\u00e4ckare, livboj med kastlina, B\u00e5tshake och kapningssax.<\/div>\n<div style=\"text-align: center;\">\u00a0&#8211; m.m.<\/div>\n<\/div>\n<div style=\"text-align: center;\">\u00a0<\/div>\n\n\t<section class=\"section\" id=\"section_1326733954\">\n\t\t<div class=\"section-bg fill\" >\n\t\t\t\t\t\t\t\t\t\n\t\t\t\n\n\t\t<\/div>\n\n\t\t\n\n\t\t<div class=\"section-content relative\">\n\t\t\t\n\n\t<div id=\"text-67531609\" class=\"text\">\n\t\t\n\n<p style=\"text-align: center;\">R\u00e4ddningsv\u00e4g och r\u00e4ddningsutrustning<\/p>\n\t\t\n<style>\n#text-67531609 {\n  font-size: 2.1rem;\n  line-height: 0.75;\n}\n@media (min-width:550px) {\n  #text-67531609 {\n    font-size: 2.5rem;\n  }\n}\n<\/style>\n\t<\/div>\n\t\n<div class=\"row align-middle\"  id=\"row-45194553\">\n\n\n\t<div id=\"col-1926433951\" class=\"col medium-5 small-12 large-5\"  >\n\t\t\t\t<div class=\"col-inner\"  >\n\t\t\t\n\t\t\t\n\n\n  <div class=\"banner has-hover\" id=\"banner-690113958\">\n          <div class=\"banner-inner fill\">\n        <div class=\"banner-bg fill\" >\n            <img loading=\"lazy\" decoding=\"async\" width=\"382\" height=\"430\" src=\"https:\/\/www.andrasjonhamn.fi\/wp-content\/uploads\/2025\/12\/Raddningsvag-e1767110451140.png\" class=\"bg attachment-large size-large\" alt=\"\" \/>                                    \n                    <\/div>\n\t\t\n        <div class=\"banner-layers container\">\n            <div class=\"fill banner-link\"><\/div>            \n\n   <div id=\"text-box-92724312\" class=\"text-box banner-layer x50 md-x50 lg-x50 y50 md-y50 lg-y50 res-text\">\n                                <div class=\"text-box-content text dark\">\n              \n              <div class=\"text-inner text-center\">\n                  \n\n\n              <\/div>\n           <\/div>\n                            \n<style>\n#text-box-92724312 {\n  width: 60%;\n}\n#text-box-92724312 .text-box-content {\n  font-size: 100%;\n}\n@media (min-width:550px) {\n  #text-box-92724312 {\n    width: 60%;\n  }\n}\n<\/style>\n    <\/div>\n \n\n        <\/div>\n      <\/div>\n\n            \n<style>\n#banner-690113958 {\n  padding-top: 400px;\n  background-color: rgb(255, 255, 255);\n}\n@media (min-width:550px) {\n  #banner-690113958 {\n    padding-top: 600px;\n  }\n}\n<\/style>\n  <\/div>\n\n\n\n\t\t<\/div>\n\t\t\t\t\t<\/div>\n\n\t\n\n\t<div id=\"col-1031678988\" class=\"col medium-5 small-12 large-5\"  >\n\t\t\t\t<div class=\"col-inner\"  >\n\t\t\t\n\t\t\t\n\n\n  <div class=\"banner has-hover\" id=\"banner-843058284\">\n          <div class=\"banner-inner fill\">\n        <div class=\"banner-bg fill\" >\n            <img loading=\"lazy\" decoding=\"async\" width=\"672\" height=\"791\" src=\"https:\/\/www.andrasjonhamn.fi\/wp-content\/uploads\/2025\/12\/Raddningstationer.png\" class=\"bg attachment-large size-large\" alt=\"\" \/>                                    \n                    <\/div>\n\t\t\n        <div class=\"banner-layers container\">\n            <div class=\"fill banner-link\"><\/div>            \n\n   <div id=\"text-box-1726678810\" class=\"text-box banner-layer x50 md-x50 lg-x50 y50 md-y50 lg-y50 res-text\">\n                                <div class=\"text-box-content text dark\">\n              \n              <div class=\"text-inner text-center\">\n                  \n\n\n              <\/div>\n           <\/div>\n                            \n<style>\n#text-box-1726678810 {\n  width: 60%;\n}\n#text-box-1726678810 .text-box-content {\n  font-size: 100%;\n}\n@media (min-width:550px) {\n  #text-box-1726678810 {\n    width: 60%;\n  }\n}\n<\/style>\n    <\/div>\n \n\n        <\/div>\n      <\/div>\n\n            \n<style>\n#banner-843058284 {\n  padding-top: 400px;\n  background-color: rgb(255, 255, 255);\n}\n@media (min-width:550px) {\n  #banner-843058284 {\n    padding-top: 600px;\n  }\n}\n<\/style>\n  <\/div>\n\n\n\n\t\t<\/div>\n\t\t\t\t\t<\/div>\n\n\t\n\n\t<div id=\"col-88839155\" class=\"col medium-7 small-12 large-7\"  >\n\t\t\t\t<div class=\"col-inner\"  >\n\t\t\t\n\t\t\t\n\n\t<div id=\"gap-1251843544\" class=\"gap-element clearfix\" style=\"display:block; height:auto;\">\n\t\t\n<style>\n#gap-1251843544 {\n  padding-top: 30px;\n}\n<\/style>\n\t<\/div>\n\t\n\n\n\t\t<\/div>\n\t\t\t\t\n<style>\n#col-88839155 > .col-inner {\n  padding: 0px 1% 0px 1%;\n}\n@media (min-width:550px) {\n  #col-88839155 > .col-inner {\n    padding: 0px 2% 0px 2%;\n  }\n}\n@media (min-width:850px) {\n  #col-88839155 > .col-inner {\n    padding: 0px 0px 0px 10%;\n  }\n}\n<\/style>\n\t<\/div>\n\n\t\n\n<\/div>\n\n\t\t<\/div>\n\n\t\t\n<style>\n#section_1326733954 {\n  padding-top: 30px;\n  padding-bottom: 30px;\n}\n<\/style>\n\t<\/section>\n\t\n\n","protected":false},"excerpt":{"rendered":"","protected":false},"author":1,"featured_media":0,"parent":0,"menu_order":0,"comment_status":"closed","ping_status":"closed","template":"","meta":{"footnotes":""},"class_list":["post-61","page","type-page","status-publish","hentry"],"yoast_head":"<!-- This site is optimized with the Yoast SEO plugin v27.5 - https:\/\/yoast.com\/product\/yoast-seo-wordpress\/ -->\n<title>R\u00e4ddningsplan -<\/title>\n<meta name=\"robots\" content=\"index, follow, max-snippet:-1, max-image-preview:large, max-video-preview:-1\" \/>\n<link rel=\"canonical\" href=\"https:\/\/www.andrasjonhamn.fi\/index.php\/raddningsplan\/\" \/>\n<meta property=\"og:locale\" content=\"sv_SE\" \/>\n<meta property=\"og:type\" content=\"article\" \/>\n<meta property=\"og:title\" content=\"R\u00e4ddningsplan -\" \/>\n<meta property=\"og:url\" content=\"https:\/\/www.andrasjonhamn.fi\/index.php\/raddningsplan\/\" \/>\n<meta property=\"article:modified_time\" content=\"2025-12-31T07:44:47+00:00\" \/>\n<meta name=\"twitter:card\" content=\"summary_large_image\" \/>\n<meta name=\"twitter:label1\" content=\"Ber\u00e4knad l\u00e4stid\" \/>\n\t<meta name=\"twitter:data1\" content=\"1 minut\" \/>\n<script type=\"application\/ld+json\" class=\"yoast-schema-graph\">{\"@context\":\"https:\\\/\\\/schema.org\",\"@graph\":[{\"@type\":\"WebPage\",\"@id\":\"https:\\\/\\\/www.andrasjonhamn.fi\\\/index.php\\\/raddningsplan\\\/\",\"url\":\"https:\\\/\\\/www.andrasjonhamn.fi\\\/index.php\\\/raddningsplan\\\/\",\"name\":\"R\u00e4ddningsplan -\",\"isPartOf\":{\"@id\":\"https:\\\/\\\/www.andrasjonhamn.fi\\\/#website\"},\"datePublished\":\"2025-03-03T18:43:09+00:00\",\"dateModified\":\"2025-12-31T07:44:47+00:00\",\"breadcrumb\":{\"@id\":\"https:\\\/\\\/www.andrasjonhamn.fi\\\/index.php\\\/raddningsplan\\\/#breadcrumb\"},\"inLanguage\":\"sv-SE\",\"potentialAction\":[{\"@type\":\"ReadAction\",\"target\":[\"https:\\\/\\\/www.andrasjonhamn.fi\\\/index.php\\\/raddningsplan\\\/\"]}]},{\"@type\":\"BreadcrumbList\",\"@id\":\"https:\\\/\\\/www.andrasjonhamn.fi\\\/index.php\\\/raddningsplan\\\/#breadcrumb\",\"itemListElement\":[{\"@type\":\"ListItem\",\"position\":1,\"name\":\"Hem\",\"item\":\"https:\\\/\\\/www.andrasjonhamn.fi\\\/\"},{\"@type\":\"ListItem\",\"position\":2,\"name\":\"R\u00e4ddningsplan\"}]},{\"@type\":\"WebSite\",\"@id\":\"https:\\\/\\\/www.andrasjonhamn.fi\\\/#website\",\"url\":\"https:\\\/\\\/www.andrasjonhamn.fi\\\/\",\"name\":\"Andrasj\u00f6nhamn\",\"description\":\"B&aring;thamnsf&ouml;reningen i Nykarleby\",\"publisher\":{\"@id\":\"https:\\\/\\\/www.andrasjonhamn.fi\\\/#organization\"},\"potentialAction\":[{\"@type\":\"SearchAction\",\"target\":{\"@type\":\"EntryPoint\",\"urlTemplate\":\"https:\\\/\\\/www.andrasjonhamn.fi\\\/?s={search_term_string}\"},\"query-input\":{\"@type\":\"PropertyValueSpecification\",\"valueRequired\":true,\"valueName\":\"search_term_string\"}}],\"inLanguage\":\"sv-SE\"},{\"@type\":\"Organization\",\"@id\":\"https:\\\/\\\/www.andrasjonhamn.fi\\\/#organization\",\"name\":\"B\u00e5thamnsf\u00f6reningen i Nykarleby Rf\",\"url\":\"https:\\\/\\\/www.andrasjonhamn.fi\\\/\",\"logo\":{\"@type\":\"ImageObject\",\"inLanguage\":\"sv-SE\",\"@id\":\"https:\\\/\\\/www.andrasjonhamn.fi\\\/#\\\/schema\\\/logo\\\/image\\\/\",\"url\":\"https:\\\/\\\/www.andrasjonhamn.fi\\\/wp-content\\\/uploads\\\/2025\\\/03\\\/Andrasjonbla1.png\",\"contentUrl\":\"https:\\\/\\\/www.andrasjonhamn.fi\\\/wp-content\\\/uploads\\\/2025\\\/03\\\/Andrasjonbla1.png\",\"width\":1419,\"height\":1279,\"caption\":\"B\u00e5thamnsf\u00f6reningen i Nykarleby Rf\"},\"image\":{\"@id\":\"https:\\\/\\\/www.andrasjonhamn.fi\\\/#\\\/schema\\\/logo\\\/image\\\/\"}}]}<\/script>\n<!-- \/ Yoast SEO plugin. -->","yoast_head_json":{"title":"R\u00e4ddningsplan -","robots":{"index":"index","follow":"follow","max-snippet":"max-snippet:-1","max-image-preview":"max-image-preview:large","max-video-preview":"max-video-preview:-1"},"canonical":"https:\/\/www.andrasjonhamn.fi\/index.php\/raddningsplan\/","og_locale":"sv_SE","og_type":"article","og_title":"R\u00e4ddningsplan -","og_url":"https:\/\/www.andrasjonhamn.fi\/index.php\/raddningsplan\/","article_modified_time":"2025-12-31T07:44:47+00:00","twitter_card":"summary_large_image","twitter_misc":{"Ber\u00e4knad l\u00e4stid":"1 minut"},"schema":{"@context":"https:\/\/schema.org","@graph":[{"@type":"WebPage","@id":"https:\/\/www.andrasjonhamn.fi\/index.php\/raddningsplan\/","url":"https:\/\/www.andrasjonhamn.fi\/index.php\/raddningsplan\/","name":"R\u00e4ddningsplan -","isPartOf":{"@id":"https:\/\/www.andrasjonhamn.fi\/#website"},"datePublished":"2025-03-03T18:43:09+00:00","dateModified":"2025-12-31T07:44:47+00:00","breadcrumb":{"@id":"https:\/\/www.andrasjonhamn.fi\/index.php\/raddningsplan\/#breadcrumb"},"inLanguage":"sv-SE","potentialAction":[{"@type":"ReadAction","target":["https:\/\/www.andrasjonhamn.fi\/index.php\/raddningsplan\/"]}]},{"@type":"BreadcrumbList","@id":"https:\/\/www.andrasjonhamn.fi\/index.php\/raddningsplan\/#breadcrumb","itemListElement":[{"@type":"ListItem","position":1,"name":"Hem","item":"https:\/\/www.andrasjonhamn.fi\/"},{"@type":"ListItem","position":2,"name":"R\u00e4ddningsplan"}]},{"@type":"WebSite","@id":"https:\/\/www.andrasjonhamn.fi\/#website","url":"https:\/\/www.andrasjonhamn.fi\/","name":"Andrasj\u00f6nhamn","description":"B&aring;thamnsf&ouml;reningen i Nykarleby","publisher":{"@id":"https:\/\/www.andrasjonhamn.fi\/#organization"},"potentialAction":[{"@type":"SearchAction","target":{"@type":"EntryPoint","urlTemplate":"https:\/\/www.andrasjonhamn.fi\/?s={search_term_string}"},"query-input":{"@type":"PropertyValueSpecification","valueRequired":true,"valueName":"search_term_string"}}],"inLanguage":"sv-SE"},{"@type":"Organization","@id":"https:\/\/www.andrasjonhamn.fi\/#organization","name":"B\u00e5thamnsf\u00f6reningen i Nykarleby Rf","url":"https:\/\/www.andrasjonhamn.fi\/","logo":{"@type":"ImageObject","inLanguage":"sv-SE","@id":"https:\/\/www.andrasjonhamn.fi\/#\/schema\/logo\/image\/","url":"https:\/\/www.andrasjonhamn.fi\/wp-content\/uploads\/2025\/03\/Andrasjonbla1.png","contentUrl":"https:\/\/www.andrasjonhamn.fi\/wp-content\/uploads\/2025\/03\/Andrasjonbla1.png","width":1419,"height":1279,"caption":"B\u00e5thamnsf\u00f6reningen i Nykarleby Rf"},"image":{"@id":"https:\/\/www.andrasjonhamn.fi\/#\/schema\/logo\/image\/"}}]}},"_links":{"self":[{"href":"https:\/\/www.andrasjonhamn.fi\/index.php\/wp-json\/wp\/v2\/pages\/61","targetHints":{"allow":["GET"]}}],"collection":[{"href":"https:\/\/www.andrasjonhamn.fi\/index.php\/wp-json\/wp\/v2\/pages"}],"about":[{"href":"https:\/\/www.andrasjonhamn.fi\/index.php\/wp-json\/wp\/v2\/types\/page"}],"author":[{"embeddable":true,"href":"https:\/\/www.andrasjonhamn.fi\/index.php\/wp-json\/wp\/v2\/users\/1"}],"replies":[{"embeddable":true,"href":"https:\/\/www.andrasjonhamn.fi\/index.php\/wp-json\/wp\/v2\/comments?post=61"}],"version-history":[{"count":11,"href":"https:\/\/www.andrasjonhamn.fi\/index.php\/wp-json\/wp\/v2\/pages\/61\/revisions"}],"predecessor-version":[{"id":413,"href":"https:\/\/www.andrasjonhamn.fi\/index.php\/wp-json\/wp\/v2\/pages\/61\/revisions\/413"}],"wp:attachment":[{"href":"https:\/\/www.andrasjonhamn.fi\/index.php\/wp-json\/wp\/v2\/media?parent=61"}],"curies":[{"name":"wp","href":"https:\/\/api.w.org\/{rel}","templated":true}]}}