{"id":63,"date":"2025-03-03T20:45:23","date_gmt":"2025-03-03T18:45:23","guid":{"rendered":"https:\/\/www.xn--andrasjnhamn-bjb.fi\/?page_id=63"},"modified":"2025-12-07T17:27:41","modified_gmt":"2025-12-07T15:27:41","slug":"raddningsplan-2","status":"publish","type":"page","link":"https:\/\/www.andrasjonhamn.fi\/index.php\/raddningsplan-2\/","title":{"rendered":"Anvisningar"},"content":{"rendered":"\n\n  <div class=\"banner has-hover has-parallax\" id=\"banner-1786498235\">\n          <div class=\"banner-inner fill\">\n        <div class=\"banner-bg fill\" data-parallax=\"-4\" data-parallax-container=\".banner\" data-parallax-background>\n            <img loading=\"lazy\" decoding=\"async\" width=\"1827\" height=\"1067\" src=\"https:\/\/www.andrasjonhamn.fi\/wp-content\/uploads\/2025\/03\/e79d9d52-b478-4138-bf2a-582877164ca7.jpeg\" class=\"bg attachment-original size-original\" alt=\"\" \/>                        <div class=\"overlay\"><\/div>            \n                    <\/div>\n\t\t\n        <div class=\"banner-layers container\">\n            <a class=\"fill\" href=\"https:\/\/www.andrasjonhamn.fi\/index.php\/raddningsplan-2\/\"><div class=\"fill banner-link\"><\/div><\/a>            \n\n   <div id=\"text-box-1111332413\" class=\"text-box banner-layer x50 md-x50 lg-x50 y50 md-y50 lg-y50 res-text\">\n              <div data-parallax=\"-3\" data-parallax-fade=\"true\">       <div data-animate=\"fadeInUp\">           <div class=\"text-box-content text dark text-shadow-1\">\n              \n              <div class=\"text-inner text-center\">\n                  \n\n<p><strong><span style=\"font-size: 200%;\">Anvisningar<\/span><\/strong><\/p>\n\n              <\/div>\n           <\/div>\n       <\/div>       <\/div>              \n<style>\n#text-box-1111332413 {\n  width: 100%;\n}\n#text-box-1111332413 .text-box-content {\n  font-size: 131%;\n}\n@media (min-width:550px) {\n  #text-box-1111332413 {\n    width: 59%;\n  }\n  #text-box-1111332413 .text-box-content {\n    font-size: 100%;\n  }\n}\n<\/style>\n    <\/div>\n \n\n        <\/div>\n      <\/div>\n\n            \n<style>\n#banner-1786498235 {\n  padding-top: 312px;\n}\n#banner-1786498235 .overlay {\n  background-color: rgba(0, 0, 0, 0.27);\n}\n#banner-1786498235 .banner-bg img {\n  object-position: 37% 52%;\n}\n@media (min-width:550px) {\n  #banner-1786498235 {\n    padding-top: 53%;\n  }\n}\n<\/style>\n  <\/div>\n\n\n\n\t<section class=\"section\" id=\"section_1969224201\">\n\t\t<div class=\"section-bg fill\" >\n\t\t\t\t\t\t\t\t\t\n\t\t\t\n\n\t\t<\/div>\n\n\t\t\n\n\t\t<div class=\"section-content relative\">\n\t\t\t\n\n<div class=\"row\"  id=\"row-756157187\">\n\n\n\t<div id=\"col-1705120521\" class=\"col small-12 large-12\"  >\n\t\t\t\t<div class=\"col-inner text-center\"  >\n\t\t\t\n\t\t\t\n\n<h2>Anvisningar f\u00f6r Andra Sj\u00f6ns b\u00e5thamn<\/h2>\n<p>B\u00e5thamnsf\u00f6reningen i Nykarleby rf v\u00e4lkomnar g\u00e4ster att njuta av sj\u00f6luften och hamnens service.<br \/>\nF\u00f6r att kunna uppr\u00e4tth\u00e5lla en s\u00e4ker verksamhet har vi f\u00f6ljande ordningsregler och anvisningar f\u00f6r hamnen.<\/p>\n\n\t\t<\/div>\n\t\t\t\t\t<\/div>\n\n\t\n\n<\/div>\n<div class=\"row align-equal\"  id=\"row-1734799377\">\n\n\n\t<div id=\"col-1563762742\" class=\"col medium-6 small-12 large-4\"  >\n\t\t\t\t<div class=\"col-inner\"  >\n\t\t\t\n\t\t\t\n\n<p style=\"text-align: center;\"><strong><span style=\"font-size: 120%; color: #000000;\">S\u00c4KERHET<\/span><\/strong><br \/>Alla \u00e4r skyldiga att f\u00f6lja anvisningarna f\u00f6r att vi skall uppn\u00e5 ett s\u00e4kert hamnomr\u00e5de f\u00f6r personer, b\u00e5tar, utrustning och hamnkonstruktioner.<\/p>\n\n\t\t<\/div>\n\t\t\t\t\t<\/div>\n\n\t\n\n\t<div id=\"col-2071213548\" class=\"col medium-6 small-12 large-4\"  >\n\t\t\t\t<div class=\"col-inner\"  >\n\t\t\t\n\t\t\t\n\n<p style=\"text-align: center;\"><span style=\"font-size: 120%; color: #000000;\"><strong>ANSVAR<\/strong><\/span><br \/>Alla som r\u00f6r sig i hamnen \u00e4r ansvariga f\u00f6r att reglerna f\u00f6ljs.<\/p>\n\n\t\t<\/div>\n\t\t\t\t\t<\/div>\n\n\t\n\n\t<div id=\"col-284507956\" class=\"col medium-6 small-12 large-4\"  >\n\t\t\t\t<div class=\"col-inner\"  >\n\t\t\t\n\t\t\t\n\n<p style=\"text-align: center;\"><span style=\"font-size: 120%; color: #000000;\"><strong>R\u00c4DDNINGSUTRUSTNING<\/strong><\/span><br \/>Utrustningen f\u00e5r endast anv\u00e4ndas vid olyckor s\u00e5som brand eller om n\u00e5gon \u00e4r i livsfara.<\/p>\n\n\t\t<\/div>\n\t\t\t\t\t<\/div>\n\n\t\n\n\t<div id=\"col-297958691\" class=\"col medium-6 small-12 large-4\"  >\n\t\t\t\t<div class=\"col-inner\"  >\n\t\t\t\n\t\t\t\n\n<p style=\"text-align: center;\"><span style=\"font-size: 120%; color: #000000;\"><strong>B\u00c5T\u00c4GARE ELLER BEF\u00c4LHAVARE<\/strong><\/span><br \/>Ansvarar f\u00f6r att b\u00e5t p\u00e5 egen b\u00e5tplats eller g\u00e4stplats har fungerande s\u00e4kerhetsutrustning.<br \/>Ansvarar f\u00f6r att b\u00e5ten alltid \u00e4r ordentligt f\u00f6rt\u00f6jd.<br \/>Iakttar sj\u00f6vett vid infart och utfart ur hamnen f\u00f6r att inte orsaka svallv\u00e5gor f\u00f6r f\u00f6rt\u00f6jda b\u00e5tar.<\/p>\n\n\t\t<\/div>\n\t\t\t\t\t<\/div>\n\n\t\n\n\t<div id=\"col-163824815\" class=\"col medium-6 small-12 large-4\"  >\n\t\t\t\t<div class=\"col-inner\"  >\n\t\t\t\n\t\t\t\n\n<p style=\"text-align: center;\"><span style=\"font-size: 120%; color: #000000;\"><strong>G\u00c4STPLATSER<\/strong><\/span><br \/>G\u00e4stplatserna \u00e4r till f\u00f6r g\u00e4stande b\u00e5tar. G\u00e4stplatser med bojar f\u00f6r akterinf\u00e4stning finns innanf\u00f6r norra piren samt vid flytbryggan s\u00f6der om tankstationen.<br \/>En avgift f\u00f6r g\u00e4stplatsen fastst\u00e4lls av f\u00f6reningens styrelse. Information finns p\u00e5 g\u00e4stbryggan.<\/p>\n\n\t\t<\/div>\n\t\t\t\t\t<\/div>\n\n\t\n\n\t<div id=\"col-1157831089\" class=\"col medium-6 small-12 large-4\"  >\n\t\t\t\t<div class=\"col-inner\"  >\n\t\t\t\n\t\t\t\n\n<p style=\"text-align: center;\"><span style=\"font-size: 120%; color: #000000;\"><strong>PARKERING<\/strong><\/span><br \/>Personbilar som parkeras p\u00e5 pirarna \u00e4r skyldiga att l\u00e4mna utrymme f\u00f6r r\u00e4ddningsfordon.<br \/>Husbilar och -vagnar skall parkeras p\u00e5 parkeringsplatsen s\u00f6der om Tullmagasinet. F\u00f6rbjudet att parkera p\u00e5 pirarna.<\/p>\n\n\t\t<\/div>\n\t\t\t\t\t<\/div>\n\n\t\n\n\n<style>\n#row-1734799377 > .col > .col-inner {\n  padding: 25px 25px 25px 25px;\n  background-color: rgb(255,255,255);\n}\n<\/style>\n<\/div>\n<div class=\"row align-equal\"  id=\"row-1095696713\">\n\n\n\t<div id=\"col-1376184254\" class=\"col medium-6 small-12 large-4\"  >\n\t\t\t\t<div class=\"col-inner\"  >\n\t\t\t\n\t\t\t\n\n<p style=\"text-align: center;\"><span style=\"font-size: 120%; color: #000000;\"><strong>SIMNING<\/strong><\/span><br \/>Simning \u00e4r till\u00e5ten p\u00e5 simstranden p\u00e5 norra pirens yttre sida. Simning \u00e4r f\u00f6rbjuden i hamnomr\u00e5det.<\/p>\n\n\t\t<\/div>\n\t\t\t\t\t<\/div>\n\n\t\n\n\t<div id=\"col-858538386\" class=\"col medium-6 small-12 large-4\"  >\n\t\t\t\t<div class=\"col-inner\"  >\n\t\t\t\n\t\t\t\n\n<p style=\"text-align: center;\"><span style=\"font-size: 120%; color: #000000;\"><strong>BES\u00d6KARE<\/strong><\/span><br \/>Bes\u00f6kare i hamnen f\u00e5r ej g\u00e5 ombord p\u00e5 b\u00e5tarna utan \u00e4garens lov.<\/p>\n\n\t\t<\/div>\n\t\t\t\t\t<\/div>\n\n\t\n\n\t<div id=\"col-1253076557\" class=\"col medium-6 small-12 large-4\"  >\n\t\t\t\t<div class=\"col-inner\"  >\n\t\t\t\n\t\t\t\n\n<p style=\"text-align: center;\"><span style=\"font-size: 120%; color: #000000;\"><strong>TYSTNAD<\/strong><\/span><br \/>Personer ombord p\u00e5 b\u00e5tarna i hamnen b\u00f6r visa respekt f\u00f6r andra b\u00e5tars bes\u00e4ttning och f\u00f6rv\u00e4ntas iaktta tystnad efter kl. 23.00. Undantaget \u00e4r d\u00e5 Tullmagasinet ordnar evenemang.<\/p>\n\n\t\t<\/div>\n\t\t\t\t\t<\/div>\n\n\t\n\n\n<style>\n#row-1095696713 > .col > .col-inner {\n  padding: 25px 25px 25px 25px;\n  background-color: rgb(255,255,255);\n}\n<\/style>\n<\/div>\n\t<div id=\"gap-1530124548\" class=\"gap-element clearfix\" style=\"display:block; height:auto;\">\n\t\t\n<style>\n#gap-1530124548 {\n  padding-top: 30px;\n}\n<\/style>\n\t<\/div>\n\t\n\n<h2 style=\"text-align: center;\">B\u00e5thamnsf\u00f6reningen i Nykarleby rf<br \/>B\u00e5thamnens administrat\u00f6r<\/h2>\n\t<div id=\"gap-1817342343\" class=\"gap-element clearfix\" style=\"display:block; height:auto;\">\n\t\t\n<style>\n#gap-1817342343 {\n  padding-top: 30px;\n}\n<\/style>\n\t<\/div>\n\t\n\n<div class=\"row\"  id=\"row-697731836\">\n\n\n\t<div id=\"col-1645450920\" class=\"col small-12 large-12\"  >\n\t\t\t\t<div class=\"col-inner text-center\"  >\n\t\t\t\n\t\t\t\n\n<a href=\"https:\/\/www.andrasjonhamn.fi\/index.php\/kontaktformular\/\" class=\"button primary\" >\n\t\t<span>Kontaktformul\u00e4r vid fr\u00e5gor<\/span>\n\t<\/a>\n\n\n\n\t\t<\/div>\n\t\t\t\t\t<\/div>\n\n\t\n\n<\/div>\n\n\t\t<\/div>\n\n\t\t\n<style>\n#section_1969224201 {\n  padding-top: 80px;\n  padding-bottom: 80px;\n  background-color: rgb(246, 246, 246);\n}\n<\/style>\n\t<\/section>\n\t\n\n","protected":false},"excerpt":{"rendered":"","protected":false},"author":1,"featured_media":0,"parent":0,"menu_order":0,"comment_status":"closed","ping_status":"closed","template":"page-blank.php","meta":{"footnotes":""},"class_list":["post-63","page","type-page","status-publish","hentry"],"yoast_head":"<!-- This site is optimized with the Yoast SEO plugin v27.5 - https:\/\/yoast.com\/product\/yoast-seo-wordpress\/ -->\n<title>Anvisningar -<\/title>\n<meta name=\"robots\" content=\"index, follow, max-snippet:-1, max-image-preview:large, max-video-preview:-1\" \/>\n<link rel=\"canonical\" href=\"https:\/\/www.andrasjonhamn.fi\/index.php\/raddningsplan-2\/\" \/>\n<meta property=\"og:locale\" content=\"sv_SE\" \/>\n<meta property=\"og:type\" content=\"article\" \/>\n<meta property=\"og:title\" content=\"Anvisningar -\" \/>\n<meta property=\"og:url\" content=\"https:\/\/www.andrasjonhamn.fi\/index.php\/raddningsplan-2\/\" \/>\n<meta property=\"article:modified_time\" content=\"2025-12-07T15:27:41+00:00\" \/>\n<meta name=\"twitter:card\" content=\"summary_large_image\" \/>\n<meta name=\"twitter:label1\" content=\"Ber\u00e4knad l\u00e4stid\" \/>\n\t<meta name=\"twitter:data1\" content=\"3 minuter\" \/>\n<script type=\"application\/ld+json\" class=\"yoast-schema-graph\">{\"@context\":\"https:\\\/\\\/schema.org\",\"@graph\":[{\"@type\":\"WebPage\",\"@id\":\"https:\\\/\\\/www.andrasjonhamn.fi\\\/index.php\\\/raddningsplan-2\\\/\",\"url\":\"https:\\\/\\\/www.andrasjonhamn.fi\\\/index.php\\\/raddningsplan-2\\\/\",\"name\":\"Anvisningar -\",\"isPartOf\":{\"@id\":\"https:\\\/\\\/www.andrasjonhamn.fi\\\/#website\"},\"datePublished\":\"2025-03-03T18:45:23+00:00\",\"dateModified\":\"2025-12-07T15:27:41+00:00\",\"breadcrumb\":{\"@id\":\"https:\\\/\\\/www.andrasjonhamn.fi\\\/index.php\\\/raddningsplan-2\\\/#breadcrumb\"},\"inLanguage\":\"sv-SE\",\"potentialAction\":[{\"@type\":\"ReadAction\",\"target\":[\"https:\\\/\\\/www.andrasjonhamn.fi\\\/index.php\\\/raddningsplan-2\\\/\"]}]},{\"@type\":\"BreadcrumbList\",\"@id\":\"https:\\\/\\\/www.andrasjonhamn.fi\\\/index.php\\\/raddningsplan-2\\\/#breadcrumb\",\"itemListElement\":[{\"@type\":\"ListItem\",\"position\":1,\"name\":\"Hem\",\"item\":\"https:\\\/\\\/www.andrasjonhamn.fi\\\/\"},{\"@type\":\"ListItem\",\"position\":2,\"name\":\"Anvisningar\"}]},{\"@type\":\"WebSite\",\"@id\":\"https:\\\/\\\/www.andrasjonhamn.fi\\\/#website\",\"url\":\"https:\\\/\\\/www.andrasjonhamn.fi\\\/\",\"name\":\"Andrasj\u00f6nhamn\",\"description\":\"B&aring;thamnsf&ouml;reningen i Nykarleby\",\"publisher\":{\"@id\":\"https:\\\/\\\/www.andrasjonhamn.fi\\\/#organization\"},\"potentialAction\":[{\"@type\":\"SearchAction\",\"target\":{\"@type\":\"EntryPoint\",\"urlTemplate\":\"https:\\\/\\\/www.andrasjonhamn.fi\\\/?s={search_term_string}\"},\"query-input\":{\"@type\":\"PropertyValueSpecification\",\"valueRequired\":true,\"valueName\":\"search_term_string\"}}],\"inLanguage\":\"sv-SE\"},{\"@type\":\"Organization\",\"@id\":\"https:\\\/\\\/www.andrasjonhamn.fi\\\/#organization\",\"name\":\"B\u00e5thamnsf\u00f6reningen i Nykarleby Rf\",\"url\":\"https:\\\/\\\/www.andrasjonhamn.fi\\\/\",\"logo\":{\"@type\":\"ImageObject\",\"inLanguage\":\"sv-SE\",\"@id\":\"https:\\\/\\\/www.andrasjonhamn.fi\\\/#\\\/schema\\\/logo\\\/image\\\/\",\"url\":\"https:\\\/\\\/www.andrasjonhamn.fi\\\/wp-content\\\/uploads\\\/2025\\\/03\\\/Andrasjonbla1.png\",\"contentUrl\":\"https:\\\/\\\/www.andrasjonhamn.fi\\\/wp-content\\\/uploads\\\/2025\\\/03\\\/Andrasjonbla1.png\",\"width\":1419,\"height\":1279,\"caption\":\"B\u00e5thamnsf\u00f6reningen i Nykarleby Rf\"},\"image\":{\"@id\":\"https:\\\/\\\/www.andrasjonhamn.fi\\\/#\\\/schema\\\/logo\\\/image\\\/\"}}]}<\/script>\n<!-- \/ Yoast SEO plugin. -->","yoast_head_json":{"title":"Anvisningar -","robots":{"index":"index","follow":"follow","max-snippet":"max-snippet:-1","max-image-preview":"max-image-preview:large","max-video-preview":"max-video-preview:-1"},"canonical":"https:\/\/www.andrasjonhamn.fi\/index.php\/raddningsplan-2\/","og_locale":"sv_SE","og_type":"article","og_title":"Anvisningar -","og_url":"https:\/\/www.andrasjonhamn.fi\/index.php\/raddningsplan-2\/","article_modified_time":"2025-12-07T15:27:41+00:00","twitter_card":"summary_large_image","twitter_misc":{"Ber\u00e4knad l\u00e4stid":"3 minuter"},"schema":{"@context":"https:\/\/schema.org","@graph":[{"@type":"WebPage","@id":"https:\/\/www.andrasjonhamn.fi\/index.php\/raddningsplan-2\/","url":"https:\/\/www.andrasjonhamn.fi\/index.php\/raddningsplan-2\/","name":"Anvisningar -","isPartOf":{"@id":"https:\/\/www.andrasjonhamn.fi\/#website"},"datePublished":"2025-03-03T18:45:23+00:00","dateModified":"2025-12-07T15:27:41+00:00","breadcrumb":{"@id":"https:\/\/www.andrasjonhamn.fi\/index.php\/raddningsplan-2\/#breadcrumb"},"inLanguage":"sv-SE","potentialAction":[{"@type":"ReadAction","target":["https:\/\/www.andrasjonhamn.fi\/index.php\/raddningsplan-2\/"]}]},{"@type":"BreadcrumbList","@id":"https:\/\/www.andrasjonhamn.fi\/index.php\/raddningsplan-2\/#breadcrumb","itemListElement":[{"@type":"ListItem","position":1,"name":"Hem","item":"https:\/\/www.andrasjonhamn.fi\/"},{"@type":"ListItem","position":2,"name":"Anvisningar"}]},{"@type":"WebSite","@id":"https:\/\/www.andrasjonhamn.fi\/#website","url":"https:\/\/www.andrasjonhamn.fi\/","name":"Andrasj\u00f6nhamn","description":"B&aring;thamnsf&ouml;reningen i Nykarleby","publisher":{"@id":"https:\/\/www.andrasjonhamn.fi\/#organization"},"potentialAction":[{"@type":"SearchAction","target":{"@type":"EntryPoint","urlTemplate":"https:\/\/www.andrasjonhamn.fi\/?s={search_term_string}"},"query-input":{"@type":"PropertyValueSpecification","valueRequired":true,"valueName":"search_term_string"}}],"inLanguage":"sv-SE"},{"@type":"Organization","@id":"https:\/\/www.andrasjonhamn.fi\/#organization","name":"B\u00e5thamnsf\u00f6reningen i Nykarleby Rf","url":"https:\/\/www.andrasjonhamn.fi\/","logo":{"@type":"ImageObject","inLanguage":"sv-SE","@id":"https:\/\/www.andrasjonhamn.fi\/#\/schema\/logo\/image\/","url":"https:\/\/www.andrasjonhamn.fi\/wp-content\/uploads\/2025\/03\/Andrasjonbla1.png","contentUrl":"https:\/\/www.andrasjonhamn.fi\/wp-content\/uploads\/2025\/03\/Andrasjonbla1.png","width":1419,"height":1279,"caption":"B\u00e5thamnsf\u00f6reningen i Nykarleby Rf"},"image":{"@id":"https:\/\/www.andrasjonhamn.fi\/#\/schema\/logo\/image\/"}}]}},"_links":{"self":[{"href":"https:\/\/www.andrasjonhamn.fi\/index.php\/wp-json\/wp\/v2\/pages\/63","targetHints":{"allow":["GET"]}}],"collection":[{"href":"https:\/\/www.andrasjonhamn.fi\/index.php\/wp-json\/wp\/v2\/pages"}],"about":[{"href":"https:\/\/www.andrasjonhamn.fi\/index.php\/wp-json\/wp\/v2\/types\/page"}],"author":[{"embeddable":true,"href":"https:\/\/www.andrasjonhamn.fi\/index.php\/wp-json\/wp\/v2\/users\/1"}],"replies":[{"embeddable":true,"href":"https:\/\/www.andrasjonhamn.fi\/index.php\/wp-json\/wp\/v2\/comments?post=63"}],"version-history":[{"count":34,"href":"https:\/\/www.andrasjonhamn.fi\/index.php\/wp-json\/wp\/v2\/pages\/63\/revisions"}],"predecessor-version":[{"id":353,"href":"https:\/\/www.andrasjonhamn.fi\/index.php\/wp-json\/wp\/v2\/pages\/63\/revisions\/353"}],"wp:attachment":[{"href":"https:\/\/www.andrasjonhamn.fi\/index.php\/wp-json\/wp\/v2\/media?parent=63"}],"curies":[{"name":"wp","href":"https:\/\/api.w.org\/{rel}","templated":true}]}}